{"id":2591,"date":"2021-10-07T17:08:49","date_gmt":"2021-10-07T20:08:49","guid":{"rendered":"https:\/\/fev.org.ar\/2021\/?page_id=2591"},"modified":"2021-10-15T12:00:26","modified_gmt":"2021-10-15T15:00:26","slug":"5-1-solbayres%e2%80%8b","status":"publish","type":"page","link":"https:\/\/fev.org.ar\/2021\/5-1-solbayres%e2%80%8b\/","title":{"rendered":"5.1. SOLBAYRES\u200b"},"content":{"rendered":"\t\t<div data-elementor-type=\"wp-page\" data-elementor-id=\"2591\" class=\"elementor elementor-2591\" data-elementor-settings=\"[]\">\n\t\t\t\t\t\t\t<div class=\"elementor-section-wrap\">\n\t\t\t\t\t\t\t<section class=\"elementor-section elementor-top-section elementor-element elementor-element-25a31459 elementor-section-height-min-height elementor-section-items-stretch elementor-section-content-bottom elementor-section-boxed elementor-section-height-default\" data-id=\"25a31459\" data-element_type=\"section\">\n\t\t\t\t\t\t<div class=\"elementor-container elementor-column-gap-no\">\n\t\t\t\t\t<div class=\"elementor-column elementor-col-50 elementor-top-column elementor-element elementor-element-63bb9919\" data-id=\"63bb9919\" data-element_type=\"column\" data-settings=\"{&quot;background_background&quot;:&quot;classic&quot;}\">\n\t\t\t<div class=\"elementor-widget-wrap elementor-element-populated\">\n\t\t\t\t\t\t\t\t<div class=\"elementor-element elementor-element-79b72ca6 elementor-widget elementor-widget-breadcrumbs\" data-id=\"79b72ca6\" data-element_type=\"widget\" data-widget_type=\"breadcrumbs.default\">\n\t\t\t\t<div class=\"elementor-widget-container\">\n\t\t\t<p id=\"breadcrumbs\"><span><span><a href=\"https:\/\/fev.org.ar\/2021\/\">Inicio<\/a><\/span><\/p>\t\t<\/div>\n\t\t\t\t<\/div>\n\t\t\t\t<div class=\"elementor-element elementor-element-7d4f8c3 elementor-widget elementor-widget-heading\" data-id=\"7d4f8c3\" data-element_type=\"widget\" data-widget_type=\"heading.default\">\n\t\t\t\t<div class=\"elementor-widget-container\">\n\t\t\t<h2 class=\"elementor-heading-title elementor-size-default\">SOLBAYRES\u200b<\/h2>\t\t<\/div>\n\t\t\t\t<\/div>\n\t\t\t\t<div class=\"elementor-element elementor-element-4913c6e elementor-widget elementor-widget-heading\" data-id=\"4913c6e\" data-element_type=\"widget\" data-widget_type=\"heading.default\">\n\t\t\t\t<div class=\"elementor-widget-container\">\n\t\t\t<h2 class=\"elementor-heading-title elementor-size-default\">\"Creando juntos un futuro sustentable\"<\/h2>\t\t<\/div>\n\t\t\t\t<\/div>\n\t\t\t\t\t<\/div>\n\t\t<\/div>\n\t\t\t\t<div class=\"elementor-column elementor-col-50 elementor-top-column elementor-element elementor-element-76cffb6f elementor-hidden-tablet elementor-hidden-phone\" data-id=\"76cffb6f\" data-element_type=\"column\">\n\t\t\t<div class=\"elementor-widget-wrap elementor-element-populated\">\n\t\t\t\t\t\t\t\t<div class=\"elementor-element elementor-element-47fa2ac elementor-widget elementor-widget-image\" data-id=\"47fa2ac\" data-element_type=\"widget\" data-widget_type=\"image.default\">\n\t\t\t\t<div class=\"elementor-widget-container\">\n\t\t\t\t\t\t\t\t\t\t\t\t\t\t\t<img loading=\"lazy\" decoding=\"async\" width=\"500\" height=\"348\" src=\"https:\/\/fev.org.ar\/2021\/wp-content\/uploads\/2021\/10\/SOLBAYRES.png\" class=\"attachment-large size-large\" alt=\"\" srcset=\"https:\/\/fev.org.ar\/2021\/wp-content\/uploads\/2021\/10\/SOLBAYRES.png 500w, https:\/\/fev.org.ar\/2021\/wp-content\/uploads\/2021\/10\/SOLBAYRES-300x209.png 300w\" sizes=\"auto, (max-width: 500px) 100vw, 500px\" \/>\t\t\t\t\t\t\t\t\t\t\t\t\t\t\t<\/div>\n\t\t\t\t<\/div>\n\t\t\t\t\t<\/div>\n\t\t<\/div>\n\t\t\t\t\t\t\t<\/div>\n\t\t<\/section>\n\t\t\t\t<section class=\"elementor-section elementor-top-section elementor-element elementor-element-31e0db55 elementor-section-boxed elementor-section-height-default elementor-section-height-default\" data-id=\"31e0db55\" data-element_type=\"section\">\n\t\t\t\t\t\t<div class=\"elementor-container elementor-column-gap-default\">\n\t\t\t\t\t<div class=\"elementor-column elementor-col-100 elementor-top-column elementor-element elementor-element-1a8a80a0 elementor-hidden-tablet elementor-hidden-phone\" data-id=\"1a8a80a0\" data-element_type=\"column\">\n\t\t\t<div class=\"elementor-widget-wrap elementor-element-populated\">\n\t\t\t\t\t\t\t\t<div class=\"elementor-element elementor-element-64cdca97 elementor-widget elementor-widget-spacer\" data-id=\"64cdca97\" data-element_type=\"widget\" data-widget_type=\"spacer.default\">\n\t\t\t\t<div class=\"elementor-widget-container\">\n\t\t\t\t\t<div class=\"elementor-spacer\">\n\t\t\t<div class=\"elementor-spacer-inner\"><\/div>\n\t\t<\/div>\n\t\t\t\t<\/div>\n\t\t\t\t<\/div>\n\t\t\t\t\t<\/div>\n\t\t<\/div>\n\t\t\t\t\t\t\t<\/div>\n\t\t<\/section>\n\t\t\t\t<section class=\"elementor-section elementor-top-section elementor-element elementor-element-3525d58f elementor-section-boxed elementor-section-height-default elementor-section-height-default\" data-id=\"3525d58f\" data-element_type=\"section\">\n\t\t\t\t\t\t<div class=\"elementor-container elementor-column-gap-default\">\n\t\t\t\t\t<div class=\"elementor-column elementor-col-50 elementor-top-column elementor-element elementor-element-669cd805\" data-id=\"669cd805\" data-element_type=\"column\">\n\t\t\t<div class=\"elementor-widget-wrap elementor-element-populated\">\n\t\t\t\t\t\t\t\t<div class=\"elementor-element elementor-element-1f535ff elementor-widget elementor-widget-text-editor\" data-id=\"1f535ff\" data-element_type=\"widget\" data-widget_type=\"text-editor.default\">\n\t\t\t\t<div class=\"elementor-widget-container\">\n\t\t\t\t\t\t\t<p><strong>Somos una empresa de capitales argentinos y nos ocupamos de la prestaci\u00f3n del Servicio P\u00fablico de Higiene Urbana en el \u00e1mbito de la Ciudad Aut\u00f3noma de Buenos Aires, empleando a m\u00e1s de 1.300 personas de manera directa. <\/strong><\/p>\t\t\t\t\t\t<\/div>\n\t\t\t\t<\/div>\n\t\t\t\t<div class=\"elementor-element elementor-element-96be94e elementor-widget elementor-widget-text-editor\" data-id=\"96be94e\" data-element_type=\"widget\" data-widget_type=\"text-editor.default\">\n\t\t\t\t<div class=\"elementor-widget-container\">\n\t\t\t\t\t\t\t<p><span style=\"font-weight: 400;\">Nos encargamos de la recolecci\u00f3n de residuos h\u00famedos domiciliarios, barrido y limpieza de calles. Trabajamos en los barrios de Villa Devoto, Villa Santa Rita, Villa del Parque, Villa General Mitre, Villa Pueyrred\u00f3n, Villa Urquiza, Coghlan, Saavedra, Chacarita, Villa Crespo, Paternal, Villa Ort\u00fazar, Agronom\u00eda y Parque Chas, llegando a una poblaci\u00f3n aproximada de 700.000 habitantes.<\/span><\/p><p><span style=\"font-weight: 400;\">Desde Solbayres cuidamos el entorno y buscamos el m\u00e1ximo nivel de eficiencia ambiental en nuestra gesti\u00f3n, junto con un alto nivel de concientizaci\u00f3n a nuestros colaboradores sobre la importancia de incorporar ese criterio de sostenibilidad a su trabajo diario.<\/span><\/p><p><span style=\"font-weight: 400;\">Estamos comprometidos con la protecci\u00f3n medioambiental, que incluye la prevenci\u00f3n de la contaminaci\u00f3n y el uso sostenible de recursos. La gesti\u00f3n de residuos es clave en un ecosistema urbano y su alcance no se limita a la recolecci\u00f3n de residuos, somos transformadores culturales que ofrecemos una nueva manera de hacer las cosas respetando a las personas y al planeta.\u00a0<\/span><\/p>\t\t\t\t\t\t<\/div>\n\t\t\t\t<\/div>\n\t\t\t\t<div class=\"elementor-element elementor-element-fccc0e3 elementor-widget elementor-widget-gallery\" data-id=\"fccc0e3\" data-element_type=\"widget\" data-settings=\"{&quot;lazyload&quot;:&quot;yes&quot;,&quot;gallery_layout&quot;:&quot;grid&quot;,&quot;columns&quot;:4,&quot;columns_tablet&quot;:2,&quot;columns_mobile&quot;:1,&quot;gap&quot;:{&quot;unit&quot;:&quot;px&quot;,&quot;size&quot;:10,&quot;sizes&quot;:[]},&quot;gap_tablet&quot;:{&quot;unit&quot;:&quot;px&quot;,&quot;size&quot;:10,&quot;sizes&quot;:[]},&quot;gap_mobile&quot;:{&quot;unit&quot;:&quot;px&quot;,&quot;size&quot;:10,&quot;sizes&quot;:[]},&quot;aspect_ratio&quot;:&quot;3:2&quot;,&quot;overlay_background&quot;:&quot;yes&quot;,&quot;content_hover_animation&quot;:&quot;fade-in&quot;}\" data-widget_type=\"gallery.default\">\n\t\t\t\t<div class=\"elementor-widget-container\">\n\t\t\t\t\t<div class=\"elementor-gallery__container\">\n\t\t\t\t\t\t\t<div class=\"e-gallery-item elementor-gallery-item elementor-animated-content\">\n\t\t\t\t\t<div class=\"e-gallery-image elementor-gallery-item__image\" data-thumbnail=\"https:\/\/fev.org.ar\/2021\/wp-content\/uploads\/2021\/10\/1-2-300x214.png\" data-width=\"300\" data-height=\"214\" alt=\"\" ><\/div>\n\t\t\t\t\t\t\t\t\t\t<div class=\"elementor-gallery-item__overlay\"><\/div>\n\t\t\t\t\t\t\t\t\t\t\t\t\t\t<\/div>\n\t\t\t\t\t\t\t<div class=\"e-gallery-item elementor-gallery-item elementor-animated-content\">\n\t\t\t\t\t<div class=\"e-gallery-image elementor-gallery-item__image\" data-thumbnail=\"https:\/\/fev.org.ar\/2021\/wp-content\/uploads\/2021\/10\/2-1-300x214.png\" data-width=\"300\" data-height=\"214\" alt=\"\" ><\/div>\n\t\t\t\t\t\t\t\t\t\t<div class=\"elementor-gallery-item__overlay\"><\/div>\n\t\t\t\t\t\t\t\t\t\t\t\t\t\t<\/div>\n\t\t\t\t\t\t\t<div class=\"e-gallery-item elementor-gallery-item elementor-animated-content\">\n\t\t\t\t\t<div class=\"e-gallery-image elementor-gallery-item__image\" data-thumbnail=\"https:\/\/fev.org.ar\/2021\/wp-content\/uploads\/2021\/10\/3-1-300x214.png\" data-width=\"300\" data-height=\"214\" alt=\"\" ><\/div>\n\t\t\t\t\t\t\t\t\t\t<div class=\"elementor-gallery-item__overlay\"><\/div>\n\t\t\t\t\t\t\t\t\t\t\t\t\t\t<\/div>\n\t\t\t\t\t\t\t<div class=\"e-gallery-item elementor-gallery-item elementor-animated-content\">\n\t\t\t\t\t<div class=\"e-gallery-image elementor-gallery-item__image\" data-thumbnail=\"https:\/\/fev.org.ar\/2021\/wp-content\/uploads\/2021\/10\/4-1-300x214.png\" data-width=\"300\" data-height=\"214\" alt=\"\" ><\/div>\n\t\t\t\t\t\t\t\t\t\t<div class=\"elementor-gallery-item__overlay\"><\/div>\n\t\t\t\t\t\t\t\t\t\t\t\t\t\t<\/div>\n\t\t\t\t\t<\/div>\n\t\t\t<\/div>\n\t\t\t\t<\/div>\n\t\t\t\t<div class=\"elementor-element elementor-element-517b24b elementor-widget elementor-widget-text-editor\" data-id=\"517b24b\" data-element_type=\"widget\" data-widget_type=\"text-editor.default\">\n\t\t\t\t<div class=\"elementor-widget-container\">\n\t\t\t\t\t\t\t<p>Para ello, contamos con un equipo de concientizadores, quienes se vinculan con los vecinos para sensibilizar y formar sobre el impacto de sus residuos promoviendo una mejorargesti\u00f3n y, en consecuencia,contribuyendo a la limpieza de su cuadra, su barrio, su ciudad. De igual manera, trabajamos a trav\u00e9s de alianzas para promover la educaci\u00f3n ambiental, difundir la econom\u00eda circular como pr\u00e1ctica habitual, as\u00ed como apoyamos el logro de los Objetivos de Desarrollo Sostenible. A trav\u00e9s de nuestra gesti\u00f3n y alianzas queremos brindar herramientas a cada persona para que tome las mejores decisiones de manera consciente y conociendo el impacto que tienen en el ambiente y su comunidad.<\/p><p>Nuestro compromiso es con el desarrollo humano sustentable, a trav\u00e9s de la generaci\u00f3n de valor social, econ\u00f3mico y ambiental, sobre la base de buenas pr\u00e1cticas. Acompa\u00f1ando y generando iniciativas con todo nuestro entorno que promuevan y compartan la misi\u00f3n de transformar realidades y aportar soluciones.\u00a0<\/p><p><span style=\"font-weight: bold;\">Te invitamos a conocernos y seguinos en:<\/span><\/p>\t\t\t\t\t\t<\/div>\n\t\t\t\t<\/div>\n\t\t\t\t<div class=\"elementor-element elementor-element-6914c60 e-grid-align-left elementor-shape-rounded elementor-grid-0 elementor-widget elementor-widget-social-icons\" data-id=\"6914c60\" data-element_type=\"widget\" data-widget_type=\"social-icons.default\">\n\t\t\t\t<div class=\"elementor-widget-container\">\n\t\t\t\t\t<div class=\"elementor-social-icons-wrapper elementor-grid\">\n\t\t\t\t\t\t\t<span class=\"elementor-grid-item\">\n\t\t\t\t\t<a class=\"elementor-icon elementor-social-icon elementor-social-icon-instagram elementor-repeater-item-143e5ed\" href=\"https:\/\/www.instagram.com\/solbayresba\/?hl=es\" target=\"_blank\">\n\t\t\t\t\t\t<span class=\"elementor-screen-only\">Instagram<\/span>\n\t\t\t\t\t\t<i class=\"fab fa-instagram\"><\/i>\t\t\t\t\t<\/a>\n\t\t\t\t<\/span>\n\t\t\t\t\t\t\t<span class=\"elementor-grid-item\">\n\t\t\t\t\t<a class=\"elementor-icon elementor-social-icon elementor-social-icon-facebook elementor-repeater-item-3205cef\" href=\"https:\/\/www.facebook.com\/SolbayresBA\/\" target=\"_blank\">\n\t\t\t\t\t\t<span class=\"elementor-screen-only\">Facebook<\/span>\n\t\t\t\t\t\t<i class=\"fab fa-facebook\"><\/i>\t\t\t\t\t<\/a>\n\t\t\t\t<\/span>\n\t\t\t\t\t\t\t<span class=\"elementor-grid-item\">\n\t\t\t\t\t<a class=\"elementor-icon elementor-social-icon elementor-social-icon-twitter elementor-repeater-item-49bed82\" href=\"https:\/\/twitter.com\/solbayresba?lang=es\" target=\"_blank\">\n\t\t\t\t\t\t<span class=\"elementor-screen-only\">Twitter<\/span>\n\t\t\t\t\t\t<i class=\"fab fa-twitter\"><\/i>\t\t\t\t\t<\/a>\n\t\t\t\t<\/span>\n\t\t\t\t\t\t\t<span class=\"elementor-grid-item\">\n\t\t\t\t\t<a class=\"elementor-icon elementor-social-icon elementor-social-icon-youtube elementor-repeater-item-f40c931\" href=\"https:\/\/www.youtube.com\/channel\/UC5-Byof6HtC9JgknZCRRpPA\" target=\"_blank\">\n\t\t\t\t\t\t<span class=\"elementor-screen-only\">Youtube<\/span>\n\t\t\t\t\t\t<i class=\"fab fa-youtube\"><\/i>\t\t\t\t\t<\/a>\n\t\t\t\t<\/span>\n\t\t\t\t\t<\/div>\n\t\t\t\t<\/div>\n\t\t\t\t<\/div>\n\t\t\t\t\t<\/div>\n\t\t<\/div>\n\t\t\t\t<div class=\"elementor-column elementor-col-50 elementor-top-column elementor-element elementor-element-69a74236 elementor-hidden-tablet elementor-hidden-phone\" data-id=\"69a74236\" data-element_type=\"column\">\n\t\t\t<div class=\"elementor-widget-wrap elementor-element-populated\">\n\t\t\t\t\t\t\t\t<div class=\"elementor-element elementor-element-220af4b elementor-widget elementor-widget-image\" data-id=\"220af4b\" data-element_type=\"widget\" data-widget_type=\"image.default\">\n\t\t\t\t<div class=\"elementor-widget-container\">\n\t\t\t\t\t\t\t\t\t\t\t\t\t\t\t<img loading=\"lazy\" decoding=\"async\" width=\"515\" height=\"1024\" src=\"https:\/\/fev.org.ar\/2021\/wp-content\/uploads\/2021\/09\/2-digital-515x1024.png\" class=\"attachment-large size-large\" alt=\"\" srcset=\"https:\/\/fev.org.ar\/2021\/wp-content\/uploads\/2021\/09\/2-digital-515x1024.png 515w, https:\/\/fev.org.ar\/2021\/wp-content\/uploads\/2021\/09\/2-digital-151x300.png 151w, https:\/\/fev.org.ar\/2021\/wp-content\/uploads\/2021\/09\/2-digital.png 605w\" sizes=\"auto, (max-width: 515px) 100vw, 515px\" \/>\t\t\t\t\t\t\t\t\t\t\t\t\t\t\t<\/div>\n\t\t\t\t<\/div>\n\t\t\t\t\t<\/div>\n\t\t<\/div>\n\t\t\t\t\t\t\t<\/div>\n\t\t<\/section>\n\t\t\t\t\t\t<\/div>\n\t\t\t\t\t<\/div>\n\t\t","protected":false},"excerpt":{"rendered":"<p>SOLBAYRES\u200b &#8220;Creando juntos un futuro sustentable&#8221; Somos una empresa de capitales argentinos y nos ocupamos de la prestaci\u00f3n del Servicio P\u00fablico de Higiene Urbana en el \u00e1mbito de la Ciudad Aut\u00f3noma de Buenos Aires, empleando a m\u00e1s de 1.300 personas de manera directa. Nos encargamos de la recolecci\u00f3n de residuos h\u00famedos domiciliarios, barrido y limpieza [&hellip;]<\/p>\n","protected":false},"author":1,"featured_media":0,"parent":0,"menu_order":0,"comment_status":"closed","ping_status":"closed","template":"elementor_header_footer","meta":{"footnotes":""},"class_list":["post-2591","page","type-page","status-publish","hentry"],"yoast_head":"<!-- This site is optimized with the Yoast SEO plugin v17.3 - https:\/\/yoast.com\/wordpress\/plugins\/seo\/ -->\n<title>5.1. SOLBAYRES\u200b &ndash; Fev 30 a\u00f1os | Revista<\/title>\n<meta name=\"robots\" content=\"index, follow, max-snippet:-1, max-image-preview:large, max-video-preview:-1\" \/>\n<link rel=\"canonical\" href=\"https:\/\/fev.org.ar\/2021\/5-1-solbayres\u200b\/\" \/>\n<meta property=\"og:locale\" content=\"es_ES\" \/>\n<meta property=\"og:type\" content=\"article\" \/>\n<meta property=\"og:title\" content=\"5.1. SOLBAYRES\u200b &ndash; Fev 30 a\u00f1os | Revista\" \/>\n<meta property=\"og:description\" content=\"SOLBAYRES\u200b &#8220;Creando juntos un futuro sustentable&#8221; Somos una empresa de capitales argentinos y nos ocupamos de la prestaci\u00f3n del Servicio P\u00fablico de Higiene Urbana en el \u00e1mbito de la Ciudad Aut\u00f3noma de Buenos Aires, empleando a m\u00e1s de 1.300 personas de manera directa. Nos encargamos de la recolecci\u00f3n de residuos h\u00famedos domiciliarios, barrido y limpieza [&hellip;]\" \/>\n<meta property=\"og:url\" content=\"https:\/\/fev.org.ar\/2021\/5-1-solbayres\u200b\/\" \/>\n<meta property=\"og:site_name\" content=\"Fev 30 a\u00f1os | Revista\" \/>\n<meta property=\"article:modified_time\" content=\"2021-10-15T15:00:26+00:00\" \/>\n<meta property=\"og:image\" content=\"https:\/\/fev.org.ar\/2021\/wp-content\/uploads\/2021\/10\/SOLBAYRES.png\" \/>\n<meta name=\"twitter:card\" content=\"summary_large_image\" \/>\n<meta name=\"twitter:label1\" content=\"Tiempo de lectura\" \/>\n\t<meta name=\"twitter:data1\" content=\"2 minutos\" \/>\n<script type=\"application\/ld+json\" class=\"yoast-schema-graph\">{\"@context\":\"https:\/\/schema.org\",\"@graph\":[{\"@type\":\"WebSite\",\"@id\":\"https:\/\/fev.org.ar\/2021\/#website\",\"url\":\"https:\/\/fev.org.ar\/2021\/\",\"name\":\"Fev 30 a\\u00f1os | Revista\",\"description\":\"Otro sitio realizado con WordPress\",\"potentialAction\":[{\"@type\":\"SearchAction\",\"target\":{\"@type\":\"EntryPoint\",\"urlTemplate\":\"https:\/\/fev.org.ar\/2021\/?s={search_term_string}\"},\"query-input\":\"required name=search_term_string\"}],\"inLanguage\":\"es-AR\"},{\"@type\":\"ImageObject\",\"@id\":\"https:\/\/fev.org.ar\/2021\/5-1-solbayres%e2%80%8b\/#primaryimage\",\"inLanguage\":\"es-AR\",\"url\":\"https:\/\/fev.org.ar\/2021\/wp-content\/uploads\/2021\/10\/SOLBAYRES.png\",\"contentUrl\":\"https:\/\/fev.org.ar\/2021\/wp-content\/uploads\/2021\/10\/SOLBAYRES.png\",\"width\":500,\"height\":348},{\"@type\":\"WebPage\",\"@id\":\"https:\/\/fev.org.ar\/2021\/5-1-solbayres%e2%80%8b\/#webpage\",\"url\":\"https:\/\/fev.org.ar\/2021\/5-1-solbayres%e2%80%8b\/\",\"name\":\"5.1. SOLBAYRES\\u200b &ndash; Fev 30 a\\u00f1os | Revista\",\"isPartOf\":{\"@id\":\"https:\/\/fev.org.ar\/2021\/#website\"},\"primaryImageOfPage\":{\"@id\":\"https:\/\/fev.org.ar\/2021\/5-1-solbayres%e2%80%8b\/#primaryimage\"},\"datePublished\":\"2021-10-07T20:08:49+00:00\",\"dateModified\":\"2021-10-15T15:00:26+00:00\",\"breadcrumb\":{\"@id\":\"https:\/\/fev.org.ar\/2021\/5-1-solbayres%e2%80%8b\/#breadcrumb\"},\"inLanguage\":\"es-AR\",\"potentialAction\":[{\"@type\":\"ReadAction\",\"target\":[\"https:\/\/fev.org.ar\/2021\/5-1-solbayres%e2%80%8b\/\"]}]},{\"@type\":\"BreadcrumbList\",\"@id\":\"https:\/\/fev.org.ar\/2021\/5-1-solbayres%e2%80%8b\/#breadcrumb\",\"itemListElement\":[{\"@type\":\"ListItem\",\"position\":1,\"name\":\"Inicio\",\"item\":\"https:\/\/fev.org.ar\/2021\/\"},{\"@type\":\"ListItem\",\"position\":2,\"name\":\"5.1. SOLBAYRES\\u200b\"}]}]}<\/script>\n<!-- \/ Yoast SEO plugin. -->","yoast_head_json":{"title":"5.1. SOLBAYRES\u200b &ndash; Fev 30 a\u00f1os | Revista","robots":{"index":"index","follow":"follow","max-snippet":"max-snippet:-1","max-image-preview":"max-image-preview:large","max-video-preview":"max-video-preview:-1"},"canonical":"https:\/\/fev.org.ar\/2021\/5-1-solbayres\u200b\/","og_locale":"es_ES","og_type":"article","og_title":"5.1. SOLBAYRES\u200b &ndash; Fev 30 a\u00f1os | Revista","og_description":"SOLBAYRES\u200b &#8220;Creando juntos un futuro sustentable&#8221; Somos una empresa de capitales argentinos y nos ocupamos de la prestaci\u00f3n del Servicio P\u00fablico de Higiene Urbana en el \u00e1mbito de la Ciudad Aut\u00f3noma de Buenos Aires, empleando a m\u00e1s de 1.300 personas de manera directa. Nos encargamos de la recolecci\u00f3n de residuos h\u00famedos domiciliarios, barrido y limpieza [&hellip;]","og_url":"https:\/\/fev.org.ar\/2021\/5-1-solbayres\u200b\/","og_site_name":"Fev 30 a\u00f1os | Revista","article_modified_time":"2021-10-15T15:00:26+00:00","og_image":[{"url":"https:\/\/fev.org.ar\/2021\/wp-content\/uploads\/2021\/10\/SOLBAYRES.png"}],"twitter_card":"summary_large_image","twitter_misc":{"Tiempo de lectura":"2 minutos"},"schema":{"@context":"https:\/\/schema.org","@graph":[{"@type":"WebSite","@id":"https:\/\/fev.org.ar\/2021\/#website","url":"https:\/\/fev.org.ar\/2021\/","name":"Fev 30 a\u00f1os | Revista","description":"Otro sitio realizado con WordPress","potentialAction":[{"@type":"SearchAction","target":{"@type":"EntryPoint","urlTemplate":"https:\/\/fev.org.ar\/2021\/?s={search_term_string}"},"query-input":"required name=search_term_string"}],"inLanguage":"es-AR"},{"@type":"ImageObject","@id":"https:\/\/fev.org.ar\/2021\/5-1-solbayres%e2%80%8b\/#primaryimage","inLanguage":"es-AR","url":"https:\/\/fev.org.ar\/2021\/wp-content\/uploads\/2021\/10\/SOLBAYRES.png","contentUrl":"https:\/\/fev.org.ar\/2021\/wp-content\/uploads\/2021\/10\/SOLBAYRES.png","width":500,"height":348},{"@type":"WebPage","@id":"https:\/\/fev.org.ar\/2021\/5-1-solbayres%e2%80%8b\/#webpage","url":"https:\/\/fev.org.ar\/2021\/5-1-solbayres%e2%80%8b\/","name":"5.1. SOLBAYRES\u200b &ndash; Fev 30 a\u00f1os | Revista","isPartOf":{"@id":"https:\/\/fev.org.ar\/2021\/#website"},"primaryImageOfPage":{"@id":"https:\/\/fev.org.ar\/2021\/5-1-solbayres%e2%80%8b\/#primaryimage"},"datePublished":"2021-10-07T20:08:49+00:00","dateModified":"2021-10-15T15:00:26+00:00","breadcrumb":{"@id":"https:\/\/fev.org.ar\/2021\/5-1-solbayres%e2%80%8b\/#breadcrumb"},"inLanguage":"es-AR","potentialAction":[{"@type":"ReadAction","target":["https:\/\/fev.org.ar\/2021\/5-1-solbayres%e2%80%8b\/"]}]},{"@type":"BreadcrumbList","@id":"https:\/\/fev.org.ar\/2021\/5-1-solbayres%e2%80%8b\/#breadcrumb","itemListElement":[{"@type":"ListItem","position":1,"name":"Inicio","item":"https:\/\/fev.org.ar\/2021\/"},{"@type":"ListItem","position":2,"name":"5.1. SOLBAYRES\u200b"}]}]}},"_links":{"self":[{"href":"https:\/\/fev.org.ar\/2021\/wp-json\/wp\/v2\/pages\/2591","targetHints":{"allow":["GET"]}}],"collection":[{"href":"https:\/\/fev.org.ar\/2021\/wp-json\/wp\/v2\/pages"}],"about":[{"href":"https:\/\/fev.org.ar\/2021\/wp-json\/wp\/v2\/types\/page"}],"author":[{"embeddable":true,"href":"https:\/\/fev.org.ar\/2021\/wp-json\/wp\/v2\/users\/1"}],"replies":[{"embeddable":true,"href":"https:\/\/fev.org.ar\/2021\/wp-json\/wp\/v2\/comments?post=2591"}],"version-history":[{"count":16,"href":"https:\/\/fev.org.ar\/2021\/wp-json\/wp\/v2\/pages\/2591\/revisions"}],"predecessor-version":[{"id":4147,"href":"https:\/\/fev.org.ar\/2021\/wp-json\/wp\/v2\/pages\/2591\/revisions\/4147"}],"wp:attachment":[{"href":"https:\/\/fev.org.ar\/2021\/wp-json\/wp\/v2\/media?parent=2591"}],"curies":[{"name":"wp","href":"https:\/\/api.w.org\/{rel}","templated":true}]}}