{"id":3720,"date":"2021-10-14T09:46:35","date_gmt":"2021-10-14T12:46:35","guid":{"rendered":"https:\/\/fev.org.ar\/2021\/?page_id=3720"},"modified":"2021-10-17T21:15:52","modified_gmt":"2021-10-18T00:15:52","slug":"9-creditos","status":"publish","type":"page","link":"https:\/\/fev.org.ar\/2021\/9-creditos\/","title":{"rendered":"9.Poster"},"content":{"rendered":"\t\t<div data-elementor-type=\"wp-page\" data-elementor-id=\"3720\" class=\"elementor elementor-3720\" data-elementor-settings=\"[]\">\n\t\t\t\t\t\t\t<div class=\"elementor-section-wrap\">\n\t\t\t\t\t\t\t<section class=\"elementor-section elementor-top-section elementor-element elementor-element-763f951e elementor-section-height-full elementor-section-items-stretch elementor-section-full_width elementor-section-height-default\" data-id=\"763f951e\" data-element_type=\"section\">\n\t\t\t\t\t\t<div class=\"elementor-container elementor-column-gap-default\">\n\t\t\t\t\t<div class=\"elementor-column elementor-col-50 elementor-top-column elementor-element elementor-element-965f041\" data-id=\"965f041\" data-element_type=\"column\" data-settings=\"{&quot;background_background&quot;:&quot;classic&quot;}\">\n\t\t\t<div class=\"elementor-widget-wrap elementor-element-populated\">\n\t\t\t\t\t\t\t\t<div class=\"elementor-element elementor-element-36091997 elementor-widget elementor-widget-spacer\" data-id=\"36091997\" data-element_type=\"widget\" data-widget_type=\"spacer.default\">\n\t\t\t\t<div class=\"elementor-widget-container\">\n\t\t\t\t\t<div class=\"elementor-spacer\">\n\t\t\t<div class=\"elementor-spacer-inner\"><\/div>\n\t\t<\/div>\n\t\t\t\t<\/div>\n\t\t\t\t<\/div>\n\t\t\t\t\t<\/div>\n\t\t<\/div>\n\t\t\t\t<div class=\"elementor-column elementor-col-50 elementor-top-column elementor-element elementor-element-5cb367cb\" data-id=\"5cb367cb\" data-element_type=\"column\">\n\t\t\t<div class=\"elementor-widget-wrap elementor-element-populated\">\n\t\t\t\t\t\t\t\t<div class=\"elementor-element elementor-element-3fa85f8 elementor-hidden-tablet elementor-hidden-phone elementor-widget elementor-widget-heading\" data-id=\"3fa85f8\" data-element_type=\"widget\" data-widget_type=\"heading.default\">\n\t\t\t\t<div class=\"elementor-widget-container\">\n\t\t\t<h2 class=\"elementor-heading-title elementor-size-default\">9. Poster 30 Aniversario <br>de la FEV<\/h2>\t\t<\/div>\n\t\t\t\t<\/div>\n\t\t\t\t<div class=\"elementor-element elementor-element-18b1d6f elementor-hidden-desktop elementor-widget elementor-widget-heading\" data-id=\"18b1d6f\" data-element_type=\"widget\" data-widget_type=\"heading.default\">\n\t\t\t\t<div class=\"elementor-widget-container\">\n\t\t\t<h2 class=\"elementor-heading-title elementor-size-default\">9. Poster 30 Aniversario de la FEV<\/h2>\t\t<\/div>\n\t\t\t\t<\/div>\n\t\t\t\t<div class=\"elementor-element elementor-element-509c2d9 elementor-widget elementor-widget-text-editor\" data-id=\"509c2d9\" data-element_type=\"widget\" data-widget_type=\"text-editor.default\">\n\t\t\t\t<div class=\"elementor-widget-container\">\n\t\t\t\t\t\t\t<p>La FEV agradece profundamente a las personas que llevaron adelante la redacci\u00f3n, dise\u00f1o, edici\u00f3n y publicaci\u00f3n de nuestra Revista 30 Aniversario.<strong> Gracias<\/strong><\/p><p>Natalia Bianculli,Marina Etchart,\u00a0Teresa Fern\u00e1ndez,\u00a0Nancy Lago,\u00a0Valeria Vivani\u00a0y Thiago Stos.<\/p>\t\t\t\t\t\t<\/div>\n\t\t\t\t<\/div>\n\t\t\t\t<div class=\"elementor-element elementor-element-44dd05d elementor-widget elementor-widget-heading\" data-id=\"44dd05d\" data-element_type=\"widget\" data-widget_type=\"heading.default\">\n\t\t\t\t<div class=\"elementor-widget-container\">\n\t\t\t<h2 class=\"elementor-heading-title elementor-size-default\">Descargue aqu\u00ed nuestro <br>poster gratis:<\/h2>\t\t<\/div>\n\t\t\t\t<\/div>\n\t\t\t\t<div class=\"elementor-element elementor-element-9ce6ab1 elementor-align-left elementor-widget__width-auto elementor-widget elementor-widget-button\" data-id=\"9ce6ab1\" data-element_type=\"widget\" data-widget_type=\"button.default\">\n\t\t\t\t<div class=\"elementor-widget-container\">\n\t\t\t\t\t<div class=\"elementor-button-wrapper\">\n\t\t\t<a href=\"https:\/\/fev.org.ar\/2021\/wp-content\/uploads\/2021\/10\/Poster-FEV-30-aniversario-1.pdf\" target=\"_blank\" class=\"elementor-button-link elementor-button elementor-size-sm\" role=\"button\">\n\t\t\t\t\t\t<span class=\"elementor-button-content-wrapper\">\n\t\t\t\t\t\t<span class=\"elementor-button-icon elementor-align-icon-left\">\n\t\t\t\t<i aria-hidden=\"true\" class=\"far fa-image\"><\/i>\t\t\t<\/span>\n\t\t\t\t\t\t<span class=\"elementor-button-text\">Poster<\/span>\n\t\t<\/span>\n\t\t\t\t\t<\/a>\n\t\t<\/div>\n\t\t\t\t<\/div>\n\t\t\t\t<\/div>\n\t\t\t\t<div class=\"elementor-element elementor-element-4a5b50d elementor-hidden-tablet elementor-hidden-mobile elementor-widget elementor-widget-image\" data-id=\"4a5b50d\" data-element_type=\"widget\" data-settings=\"{&quot;motion_fx_motion_fx_mouse&quot;:&quot;yes&quot;,&quot;motion_fx_mouseTrack_effect&quot;:&quot;yes&quot;,&quot;motion_fx_mouseTrack_speed&quot;:{&quot;unit&quot;:&quot;px&quot;,&quot;size&quot;:0.3,&quot;sizes&quot;:[]}}\" data-widget_type=\"image.default\">\n\t\t\t\t<div class=\"elementor-widget-container\">\n\t\t\t\t\t\t\t\t\t\t\t\t\t\t\t<img loading=\"lazy\" decoding=\"async\" width=\"300\" height=\"334\" src=\"https:\/\/fev.org.ar\/2021\/wp-content\/uploads\/2021\/10\/7.png\" class=\"attachment-large size-large\" alt=\"\" srcset=\"https:\/\/fev.org.ar\/2021\/wp-content\/uploads\/2021\/10\/7.png 300w, https:\/\/fev.org.ar\/2021\/wp-content\/uploads\/2021\/10\/7-269x300.png 269w\" sizes=\"auto, (max-width: 300px) 100vw, 300px\" \/>\t\t\t\t\t\t\t\t\t\t\t\t\t\t\t<\/div>\n\t\t\t\t<\/div>\n\t\t\t\t\t<\/div>\n\t\t<\/div>\n\t\t\t\t\t\t\t<\/div>\n\t\t<\/section>\n\t\t\t\t\t\t<\/div>\n\t\t\t\t\t<\/div>\n\t\t","protected":false},"excerpt":{"rendered":"<p>9. Poster 30 Aniversario de la FEV 9. Poster 30 Aniversario de la FEV La FEV agradece profundamente a las personas que llevaron adelante la redacci\u00f3n, dise\u00f1o, edici\u00f3n y publicaci\u00f3n de nuestra Revista 30 Aniversario. Gracias Natalia Bianculli,Marina Etchart,\u00a0Teresa Fern\u00e1ndez,\u00a0Nancy Lago,\u00a0Valeria Vivani\u00a0y Thiago Stos. Descargue aqu\u00ed nuestro poster gratis: Poster<\/p>\n","protected":false},"author":1,"featured_media":0,"parent":0,"menu_order":0,"comment_status":"closed","ping_status":"closed","template":"elementor_header_footer","meta":{"footnotes":""},"class_list":["post-3720","page","type-page","status-publish","hentry"],"yoast_head":"<!-- This site is optimized with the Yoast SEO plugin v17.3 - https:\/\/yoast.com\/wordpress\/plugins\/seo\/ -->\n<title>9.Poster &ndash; Fev 30 a\u00f1os | Revista<\/title>\n<meta name=\"robots\" content=\"index, follow, max-snippet:-1, max-image-preview:large, max-video-preview:-1\" \/>\n<link rel=\"canonical\" href=\"https:\/\/fev.org.ar\/2021\/9-creditos\/\" \/>\n<meta property=\"og:locale\" content=\"es_ES\" \/>\n<meta property=\"og:type\" content=\"article\" \/>\n<meta property=\"og:title\" content=\"9.Poster &ndash; Fev 30 a\u00f1os | Revista\" \/>\n<meta property=\"og:description\" content=\"9. Poster 30 Aniversario de la FEV 9. Poster 30 Aniversario de la FEV La FEV agradece profundamente a las personas que llevaron adelante la redacci\u00f3n, dise\u00f1o, edici\u00f3n y publicaci\u00f3n de nuestra Revista 30 Aniversario. Gracias Natalia Bianculli,Marina Etchart,\u00a0Teresa Fern\u00e1ndez,\u00a0Nancy Lago,\u00a0Valeria Vivani\u00a0y Thiago Stos. Descargue aqu\u00ed nuestro poster gratis: Poster\" \/>\n<meta property=\"og:url\" content=\"https:\/\/fev.org.ar\/2021\/9-creditos\/\" \/>\n<meta property=\"og:site_name\" content=\"Fev 30 a\u00f1os | Revista\" \/>\n<meta property=\"article:modified_time\" content=\"2021-10-18T00:15:52+00:00\" \/>\n<meta property=\"og:image\" content=\"https:\/\/fev.org.ar\/2021\/wp-content\/uploads\/2021\/10\/7.png\" \/>\n<meta name=\"twitter:card\" content=\"summary_large_image\" \/>\n<meta name=\"twitter:label1\" content=\"Tiempo de lectura\" \/>\n\t<meta name=\"twitter:data1\" content=\"1 minuto\" \/>\n<script type=\"application\/ld+json\" class=\"yoast-schema-graph\">{\"@context\":\"https:\/\/schema.org\",\"@graph\":[{\"@type\":\"WebSite\",\"@id\":\"https:\/\/fev.org.ar\/2021\/#website\",\"url\":\"https:\/\/fev.org.ar\/2021\/\",\"name\":\"Fev 30 a\\u00f1os | Revista\",\"description\":\"Otro sitio realizado con WordPress\",\"potentialAction\":[{\"@type\":\"SearchAction\",\"target\":{\"@type\":\"EntryPoint\",\"urlTemplate\":\"https:\/\/fev.org.ar\/2021\/?s={search_term_string}\"},\"query-input\":\"required name=search_term_string\"}],\"inLanguage\":\"es-AR\"},{\"@type\":\"ImageObject\",\"@id\":\"https:\/\/fev.org.ar\/2021\/9-creditos\/#primaryimage\",\"inLanguage\":\"es-AR\",\"url\":\"https:\/\/fev.org.ar\/2021\/wp-content\/uploads\/2021\/10\/7.png\",\"contentUrl\":\"https:\/\/fev.org.ar\/2021\/wp-content\/uploads\/2021\/10\/7.png\",\"width\":300,\"height\":334},{\"@type\":\"WebPage\",\"@id\":\"https:\/\/fev.org.ar\/2021\/9-creditos\/#webpage\",\"url\":\"https:\/\/fev.org.ar\/2021\/9-creditos\/\",\"name\":\"9.Poster &ndash; Fev 30 a\\u00f1os | Revista\",\"isPartOf\":{\"@id\":\"https:\/\/fev.org.ar\/2021\/#website\"},\"primaryImageOfPage\":{\"@id\":\"https:\/\/fev.org.ar\/2021\/9-creditos\/#primaryimage\"},\"datePublished\":\"2021-10-14T12:46:35+00:00\",\"dateModified\":\"2021-10-18T00:15:52+00:00\",\"breadcrumb\":{\"@id\":\"https:\/\/fev.org.ar\/2021\/9-creditos\/#breadcrumb\"},\"inLanguage\":\"es-AR\",\"potentialAction\":[{\"@type\":\"ReadAction\",\"target\":[\"https:\/\/fev.org.ar\/2021\/9-creditos\/\"]}]},{\"@type\":\"BreadcrumbList\",\"@id\":\"https:\/\/fev.org.ar\/2021\/9-creditos\/#breadcrumb\",\"itemListElement\":[{\"@type\":\"ListItem\",\"position\":1,\"name\":\"Inicio\",\"item\":\"https:\/\/fev.org.ar\/2021\/\"},{\"@type\":\"ListItem\",\"position\":2,\"name\":\"9.Poster\"}]}]}<\/script>\n<!-- \/ Yoast SEO plugin. -->","yoast_head_json":{"title":"9.Poster &ndash; Fev 30 a\u00f1os | Revista","robots":{"index":"index","follow":"follow","max-snippet":"max-snippet:-1","max-image-preview":"max-image-preview:large","max-video-preview":"max-video-preview:-1"},"canonical":"https:\/\/fev.org.ar\/2021\/9-creditos\/","og_locale":"es_ES","og_type":"article","og_title":"9.Poster &ndash; Fev 30 a\u00f1os | Revista","og_description":"9. Poster 30 Aniversario de la FEV 9. Poster 30 Aniversario de la FEV La FEV agradece profundamente a las personas que llevaron adelante la redacci\u00f3n, dise\u00f1o, edici\u00f3n y publicaci\u00f3n de nuestra Revista 30 Aniversario. Gracias Natalia Bianculli,Marina Etchart,\u00a0Teresa Fern\u00e1ndez,\u00a0Nancy Lago,\u00a0Valeria Vivani\u00a0y Thiago Stos. Descargue aqu\u00ed nuestro poster gratis: Poster","og_url":"https:\/\/fev.org.ar\/2021\/9-creditos\/","og_site_name":"Fev 30 a\u00f1os | Revista","article_modified_time":"2021-10-18T00:15:52+00:00","og_image":[{"url":"https:\/\/fev.org.ar\/2021\/wp-content\/uploads\/2021\/10\/7.png"}],"twitter_card":"summary_large_image","twitter_misc":{"Tiempo de lectura":"1 minuto"},"schema":{"@context":"https:\/\/schema.org","@graph":[{"@type":"WebSite","@id":"https:\/\/fev.org.ar\/2021\/#website","url":"https:\/\/fev.org.ar\/2021\/","name":"Fev 30 a\u00f1os | Revista","description":"Otro sitio realizado con WordPress","potentialAction":[{"@type":"SearchAction","target":{"@type":"EntryPoint","urlTemplate":"https:\/\/fev.org.ar\/2021\/?s={search_term_string}"},"query-input":"required name=search_term_string"}],"inLanguage":"es-AR"},{"@type":"ImageObject","@id":"https:\/\/fev.org.ar\/2021\/9-creditos\/#primaryimage","inLanguage":"es-AR","url":"https:\/\/fev.org.ar\/2021\/wp-content\/uploads\/2021\/10\/7.png","contentUrl":"https:\/\/fev.org.ar\/2021\/wp-content\/uploads\/2021\/10\/7.png","width":300,"height":334},{"@type":"WebPage","@id":"https:\/\/fev.org.ar\/2021\/9-creditos\/#webpage","url":"https:\/\/fev.org.ar\/2021\/9-creditos\/","name":"9.Poster &ndash; Fev 30 a\u00f1os | Revista","isPartOf":{"@id":"https:\/\/fev.org.ar\/2021\/#website"},"primaryImageOfPage":{"@id":"https:\/\/fev.org.ar\/2021\/9-creditos\/#primaryimage"},"datePublished":"2021-10-14T12:46:35+00:00","dateModified":"2021-10-18T00:15:52+00:00","breadcrumb":{"@id":"https:\/\/fev.org.ar\/2021\/9-creditos\/#breadcrumb"},"inLanguage":"es-AR","potentialAction":[{"@type":"ReadAction","target":["https:\/\/fev.org.ar\/2021\/9-creditos\/"]}]},{"@type":"BreadcrumbList","@id":"https:\/\/fev.org.ar\/2021\/9-creditos\/#breadcrumb","itemListElement":[{"@type":"ListItem","position":1,"name":"Inicio","item":"https:\/\/fev.org.ar\/2021\/"},{"@type":"ListItem","position":2,"name":"9.Poster"}]}]}},"_links":{"self":[{"href":"https:\/\/fev.org.ar\/2021\/wp-json\/wp\/v2\/pages\/3720","targetHints":{"allow":["GET"]}}],"collection":[{"href":"https:\/\/fev.org.ar\/2021\/wp-json\/wp\/v2\/pages"}],"about":[{"href":"https:\/\/fev.org.ar\/2021\/wp-json\/wp\/v2\/types\/page"}],"author":[{"embeddable":true,"href":"https:\/\/fev.org.ar\/2021\/wp-json\/wp\/v2\/users\/1"}],"replies":[{"embeddable":true,"href":"https:\/\/fev.org.ar\/2021\/wp-json\/wp\/v2\/comments?post=3720"}],"version-history":[{"count":136,"href":"https:\/\/fev.org.ar\/2021\/wp-json\/wp\/v2\/pages\/3720\/revisions"}],"predecessor-version":[{"id":4644,"href":"https:\/\/fev.org.ar\/2021\/wp-json\/wp\/v2\/pages\/3720\/revisions\/4644"}],"wp:attachment":[{"href":"https:\/\/fev.org.ar\/2021\/wp-json\/wp\/v2\/media?parent=3720"}],"curies":[{"name":"wp","href":"https:\/\/api.w.org\/{rel}","templated":true}]}}